{"id":2065,"date":"2022-01-31T21:24:13","date_gmt":"2022-01-31T20:24:13","guid":{"rendered":"https:\/\/test2.kamen.de\/?page_id=2065"},"modified":"2023-05-15T23:55:08","modified_gmt":"2023-05-15T21:55:08","slug":"elementor-2065","status":"publish","type":"page","link":"https:\/\/feuerwehr.kamen.de\/?page_id=2065","title":{"rendered":"Elementor #2065"},"content":{"rendered":"\t\t<div data-elementor-type=\"wp-page\" data-elementor-id=\"2065\" class=\"elementor elementor-2065\" data-elementor-post-type=\"page\">\n\t\t\t\t\t\t<section class=\"elementor-section elementor-top-section elementor-element elementor-element-5ec9845 elementor-section-boxed elementor-section-height-default elementor-section-height-default\" data-id=\"5ec9845\" data-element_type=\"section\" data-e-type=\"section\">\n\t\t\t\t\t\t<div class=\"elementor-container elementor-column-gap-default\">\n\t\t\t\t\t<div class=\"elementor-column elementor-col-100 elementor-top-column elementor-element elementor-element-639e547\" data-id=\"639e547\" data-element_type=\"column\" data-e-type=\"column\">\n\t\t\t<div class=\"elementor-widget-wrap elementor-element-populated\">\n\t\t\t\t\t\t<div class=\"elementor-element elementor-element-db4a4dd elementor-widget elementor-widget-image\" data-id=\"db4a4dd\" data-element_type=\"widget\" data-e-type=\"widget\" data-widget_type=\"image.default\">\n\t\t\t\t<div class=\"elementor-widget-container\">\n\t\t\t\t\t\t\t\t\t\t\t\t\t\t\t<img fetchpriority=\"high\" decoding=\"async\" width=\"1022\" height=\"1024\" src=\"https:\/\/feuerwehr.kamen.de\/wp-content\/uploads\/2023\/05\/LdFNeu.jpeg\" class=\"attachment-large size-large wp-image-4274\" alt=\"\" srcset=\"https:\/\/feuerwehr.kamen.de\/wp-content\/uploads\/2023\/05\/LdFNeu.jpeg 1022w, https:\/\/feuerwehr.kamen.de\/wp-content\/uploads\/2023\/05\/LdFNeu-300x300.jpeg 300w, https:\/\/feuerwehr.kamen.de\/wp-content\/uploads\/2023\/05\/LdFNeu-150x150.jpeg 150w, https:\/\/feuerwehr.kamen.de\/wp-content\/uploads\/2023\/05\/LdFNeu-768x770.jpeg 768w\" sizes=\"(max-width: 1022px) 100vw, 1022px\" \/>\t\t\t\t\t\t\t\t\t\t\t\t\t\t\t<\/div>\n\t\t\t\t<\/div>\n\t\t\t\t\t<\/div>\n\t\t<\/div>\n\t\t\t\t\t<\/div>\n\t\t<\/section>\n\t\t\t\t<section class=\"elementor-section elementor-top-section elementor-element elementor-element-5afaed6 elementor-section-boxed elementor-section-height-default elementor-section-height-default\" data-id=\"5afaed6\" data-element_type=\"section\" data-e-type=\"section\">\n\t\t\t\t\t\t<div class=\"elementor-container elementor-column-gap-default\">\n\t\t\t\t\t<div class=\"elementor-column elementor-col-100 elementor-top-column elementor-element elementor-element-4ae336b\" data-id=\"4ae336b\" data-element_type=\"column\" data-e-type=\"column\">\n\t\t\t<div class=\"elementor-widget-wrap elementor-element-populated\">\n\t\t\t\t\t\t<div class=\"elementor-element elementor-element-0632046 elementor-widget elementor-widget-heading\" data-id=\"0632046\" data-element_type=\"widget\" data-e-type=\"widget\" data-widget_type=\"heading.default\">\n\t\t\t\t<div class=\"elementor-widget-container\">\n\t\t\t\t\t<h1 class=\"elementor-heading-title elementor-size-default\">Leitung der Feuerwehr<\/h1>\t\t\t\t<\/div>\n\t\t\t\t<\/div>\n\t\t\t\t\t<\/div>\n\t\t<\/div>\n\t\t\t\t\t<\/div>\n\t\t<\/section>\n\t\t\t\t<section class=\"elementor-section elementor-top-section elementor-element elementor-element-6b25fdc elementor-section-boxed elementor-section-height-default elementor-section-height-default\" data-id=\"6b25fdc\" data-element_type=\"section\" data-e-type=\"section\">\n\t\t\t\t\t\t<div class=\"elementor-container elementor-column-gap-default\">\n\t\t\t\t\t<div class=\"elementor-column elementor-col-100 elementor-top-column elementor-element elementor-element-5a136ad\" data-id=\"5a136ad\" data-element_type=\"column\" data-e-type=\"column\">\n\t\t\t<div class=\"elementor-widget-wrap elementor-element-populated\">\n\t\t\t\t\t\t<div class=\"elementor-element elementor-element-9b7a945 elementor-widget elementor-widget-text-editor\" data-id=\"9b7a945\" data-element_type=\"widget\" data-e-type=\"widget\" data-widget_type=\"text-editor.default\">\n\t\t\t\t<div class=\"elementor-widget-container\">\n\t\t\t\t\t\t\t\t\t<p>Die Feuerwehr in Kamen wird durch Stadtbrandinspektor Volker Rost (mi.) als Leiter der Feuerwehr und seinen beiden stellvertretenden Leitern der Feuerwehr, Brandoberinspektor Norbert Klein (li.) sowie Oberbrandrat Christopher <span class=\"hiddenSpellError\">Lindermann (re.)<\/span> seit M\u00e4rz 2023 geleitet.<\/p><p>Die Funktions\u00fcbertragung erfolgte durch die B\u00fcrgermeisterin, nachdem die Bestellung durch den Rat der Stadt Kamen Anfang des Jahres 2023 erfolgt ist. Volker Rost und Norbert Klein f\u00fchren ihre Funktionen ehrenamtlich aus.<\/p><p>Die Leitung der Feuerwehr ist f\u00fcr die gesamte Organisation der Feuerwehr verantwortlich<span class=\"hiddenGrammarError\"> &#8211; <\/span>insbesondere daf\u00fcr, dass die Feuerwehr Kamen jederzeit einsatzbereit ist und ihre Aufgaben gem\u00e4\u00df BHKG (Gesetz \u00fcber den Brandschutz, die Hilfeleistung und den Katastrophenschutz) wahrnimmt. Dazu z\u00e4hlt nicht nur die Vorhaltung von Fahrzeugen und technischem Ger\u00e4t. Auch das \u00fcberwiegend ehrenamtliche Einsatzpersonal muss stets gut <span class=\"hiddenSpellError\">aus-<\/span> und fortgebildet sein, um auf die vielf\u00e4ltigen Aufgaben der Feuerwehr vorbereitet zu sein.<\/p><p>Bei gr\u00f6\u00dferen Eins\u00e4tzen \u00fcbernimmt die Leitung der Feuerwehr die Einsatzleitung.<\/p><p>Die Leitung der Feuerwehr ist auch f\u00fcr die Nachwuchsgewinnung verantwortlich; dieser Aufgabe hat <span class=\"hiddenSuggestion\">insbesondere<\/span> in Freiwilligen Feuerwehren eine besondere Bedeutung. Die Feuerwehr Kamen unterh\u00e4lt seit vielen Jahren eine Jugendfeuerwehr<span class=\"hiddenGrammarError\"> &#8211; <\/span>der Leiter der Feuerwehr bedient sich bei seiner Verantwortung hierf\u00fcr des Stadtjugendfeuerwehrwarts.<\/p><p>Ein Schwerpunkt der zahlreichen Aufgaben der Leitung der Feuerwehr ist seit einigen Jahren vermehrt die Vorsorge vor fl\u00e4chenm\u00e4\u00dfigen Einsatzlagen; St\u00fcrme und Hochwasser treten infolge klimatischer Ver\u00e4nderungen immer h\u00e4ufiger auf. Hierauf gilt es, sich vorzubereiten.<\/p><p>Schlie\u00dflich ist die interne und externe Kommunikation eine wichtige Aufgabe der Leitung der Feuerwehr<span class=\"hiddenGrammarError\"> &#8211; <\/span>sei es bei Eins\u00e4tzen in Bezug auf Medienvertreter oder im Innenverh\u00e4ltnis mit den nachgeordneten F\u00fchrungsstrukturen oder der Verwaltung. Teile dieser Aufgaben \u00fcbernimmt in der Feuerwehr Kamen der eigens daf\u00fcr bestellte Pressesprecher.<\/p><p><span style=\"background-color: var(--nv-site-bg);\"><span style=\"font-family: var( --e-global-typography-text-font-family ), Sans-serif;\"><span style=\"color: var( --e-global-color-text );\">\u00a0<\/span><\/span><\/span><\/p><p><strong>Das sind die Ansprechpartner<\/strong><\/p>\t\t\t\t\t\t\t\t<\/div>\n\t\t\t\t<\/div>\n\t\t\t\t\t<\/div>\n\t\t<\/div>\n\t\t\t\t\t<\/div>\n\t\t<\/section>\n\t\t\t\t<section class=\"elementor-section elementor-top-section elementor-element elementor-element-206052b elementor-section-boxed elementor-section-height-default elementor-section-height-default\" data-id=\"206052b\" data-element_type=\"section\" data-e-type=\"section\">\n\t\t\t\t\t\t<div class=\"elementor-container elementor-column-gap-default\">\n\t\t\t\t\t<div class=\"elementor-column elementor-col-33 elementor-top-column elementor-element elementor-element-0abb304\" data-id=\"0abb304\" data-element_type=\"column\" data-e-type=\"column\">\n\t\t\t<div class=\"elementor-widget-wrap elementor-element-populated\">\n\t\t\t\t\t\t<div class=\"elementor-element elementor-element-9a4aa1b elementor-widget elementor-widget-image\" data-id=\"9a4aa1b\" data-element_type=\"widget\" data-e-type=\"widget\" data-widget_type=\"image.default\">\n\t\t\t\t<div class=\"elementor-widget-container\">\n\t\t\t\t\t\t\t\t\t\t\t\t\t\t\t<img decoding=\"async\" width=\"683\" height=\"1024\" src=\"https:\/\/feuerwehr.kamen.de\/wp-content\/uploads\/2021\/12\/Rost-683x1024.jpg\" class=\"attachment-large size-large wp-image-1342\" alt=\"\" srcset=\"https:\/\/feuerwehr.kamen.de\/wp-content\/uploads\/2021\/12\/Rost-683x1024.jpg 683w, https:\/\/feuerwehr.kamen.de\/wp-content\/uploads\/2021\/12\/Rost-200x300.jpg 200w, https:\/\/feuerwehr.kamen.de\/wp-content\/uploads\/2021\/12\/Rost-768x1152.jpg 768w, https:\/\/feuerwehr.kamen.de\/wp-content\/uploads\/2021\/12\/Rost-1024x1536.jpg 1024w, https:\/\/feuerwehr.kamen.de\/wp-content\/uploads\/2021\/12\/Rost-1365x2048.jpg 1365w, https:\/\/feuerwehr.kamen.de\/wp-content\/uploads\/2021\/12\/Rost-scaled.jpg 1707w\" sizes=\"(max-width: 683px) 100vw, 683px\" \/>\t\t\t\t\t\t\t\t\t\t\t\t\t\t\t<\/div>\n\t\t\t\t<\/div>\n\t\t\t\t<div class=\"elementor-element elementor-element-fe4059d elementor-widget elementor-widget-text-editor\" data-id=\"fe4059d\" data-element_type=\"widget\" data-e-type=\"widget\" data-widget_type=\"text-editor.default\">\n\t\t\t\t<div class=\"elementor-widget-container\">\n\t\t\t\t\t\t\t\t\t<div class=\"aligncenter\" style=\"text-align: left;\"><h3 id=\"a4\" class=\"heading2\" style=\"text-align: center;\">Leiter der Feuerwehr<\/h3><\/div><div class=\"aligncenter\" style=\"text-align: center;\">Stadtbrandinspektor Volker Rost<\/div><div>\u00a0<\/div><div style=\"text-align: center;\"><b class=\"contentbold\">Email: <\/b><a class=\"mail\" title=\"E-Mail an \" href=\"mailto:volker.rost@feuerwehr.kamen.de\">volker.rost@feuerwehr.kamen.de<\/a><\/div>\t\t\t\t\t\t\t\t<\/div>\n\t\t\t\t<\/div>\n\t\t\t\t\t<\/div>\n\t\t<\/div>\n\t\t\t\t<div class=\"elementor-column elementor-col-33 elementor-top-column elementor-element elementor-element-01d3d37\" data-id=\"01d3d37\" data-element_type=\"column\" data-e-type=\"column\">\n\t\t\t<div class=\"elementor-widget-wrap elementor-element-populated\">\n\t\t\t\t\t\t<div class=\"elementor-element elementor-element-456c1e4 elementor-widget elementor-widget-image\" data-id=\"456c1e4\" data-element_type=\"widget\" data-e-type=\"widget\" data-widget_type=\"image.default\">\n\t\t\t\t<div class=\"elementor-widget-container\">\n\t\t\t\t\t\t\t\t\t\t\t\t\t\t\t<img decoding=\"async\" width=\"683\" height=\"1024\" src=\"https:\/\/feuerwehr.kamen.de\/wp-content\/uploads\/2021\/12\/Klein-683x1024.jpg\" class=\"attachment-large size-large wp-image-1333\" alt=\"\" srcset=\"https:\/\/feuerwehr.kamen.de\/wp-content\/uploads\/2021\/12\/Klein-683x1024.jpg 683w, https:\/\/feuerwehr.kamen.de\/wp-content\/uploads\/2021\/12\/Klein-200x300.jpg 200w, https:\/\/feuerwehr.kamen.de\/wp-content\/uploads\/2021\/12\/Klein-768x1152.jpg 768w, https:\/\/feuerwehr.kamen.de\/wp-content\/uploads\/2021\/12\/Klein-1024x1536.jpg 1024w, https:\/\/feuerwehr.kamen.de\/wp-content\/uploads\/2021\/12\/Klein-1365x2048.jpg 1365w, https:\/\/feuerwehr.kamen.de\/wp-content\/uploads\/2021\/12\/Klein-scaled.jpg 1707w\" sizes=\"(max-width: 683px) 100vw, 683px\" \/>\t\t\t\t\t\t\t\t\t\t\t\t\t\t\t<\/div>\n\t\t\t\t<\/div>\n\t\t\t\t<div class=\"elementor-element elementor-element-75d8e8a elementor-widget elementor-widget-text-editor\" data-id=\"75d8e8a\" data-element_type=\"widget\" data-e-type=\"widget\" data-widget_type=\"text-editor.default\">\n\t\t\t\t<div class=\"elementor-widget-container\">\n\t\t\t\t\t\t\t\t\t<div class=\"aligncenter\" style=\"text-align: left;\"><h3 id=\"a4\" class=\"heading2\" style=\"text-align: center;\">Stellv. Leiter der Feuerwehr<\/h3><\/div><div class=\"aligncenter\" style=\"text-align: center;\">Brandoberinspektor Norbert Klein<\/div><div>\u00a0<\/div><div style=\"text-align: center;\"><b class=\"contentbold\">Email: <\/b><a class=\"mail\" title=\"E-Mail an \" href=\"mailto:norbert.klein@feuerwehr.kamen.de\">norbert.klein@feuerwehr.kamen.de<\/a><\/div><p>\u00a0<\/p>\t\t\t\t\t\t\t\t<\/div>\n\t\t\t\t<\/div>\n\t\t\t\t\t<\/div>\n\t\t<\/div>\n\t\t\t\t<div class=\"elementor-column elementor-col-33 elementor-top-column elementor-element elementor-element-582e80a\" data-id=\"582e80a\" data-element_type=\"column\" data-e-type=\"column\">\n\t\t\t<div class=\"elementor-widget-wrap elementor-element-populated\">\n\t\t\t\t\t\t<div class=\"elementor-element elementor-element-3b463b5 elementor-widget elementor-widget-image\" data-id=\"3b463b5\" data-element_type=\"widget\" data-e-type=\"widget\" data-widget_type=\"image.default\">\n\t\t\t\t<div class=\"elementor-widget-container\">\n\t\t\t\t\t\t\t\t\t\t\t\t\t\t\t<img loading=\"lazy\" decoding=\"async\" width=\"683\" height=\"1024\" src=\"https:\/\/feuerwehr.kamen.de\/wp-content\/uploads\/2021\/12\/Lindermann-683x1024.jpg\" class=\"attachment-large size-large wp-image-1335\" alt=\"\" srcset=\"https:\/\/feuerwehr.kamen.de\/wp-content\/uploads\/2021\/12\/Lindermann-683x1024.jpg 683w, https:\/\/feuerwehr.kamen.de\/wp-content\/uploads\/2021\/12\/Lindermann-200x300.jpg 200w, https:\/\/feuerwehr.kamen.de\/wp-content\/uploads\/2021\/12\/Lindermann-768x1152.jpg 768w, https:\/\/feuerwehr.kamen.de\/wp-content\/uploads\/2021\/12\/Lindermann-1024x1536.jpg 1024w, https:\/\/feuerwehr.kamen.de\/wp-content\/uploads\/2021\/12\/Lindermann-1365x2048.jpg 1365w, https:\/\/feuerwehr.kamen.de\/wp-content\/uploads\/2021\/12\/Lindermann-scaled.jpg 1707w\" sizes=\"(max-width: 683px) 100vw, 683px\" \/>\t\t\t\t\t\t\t\t\t\t\t\t\t\t\t<\/div>\n\t\t\t\t<\/div>\n\t\t\t\t<div class=\"elementor-element elementor-element-8818896 elementor-widget elementor-widget-text-editor\" data-id=\"8818896\" data-element_type=\"widget\" data-e-type=\"widget\" data-widget_type=\"text-editor.default\">\n\t\t\t\t<div class=\"elementor-widget-container\">\n\t\t\t\t\t\t\t\t\t<div class=\"aligncenter\" style=\"text-align: left;\"><h3 id=\"a4\" class=\"heading2\" style=\"text-align: center;\">Stellv. Leiter der Feuerwehr, Leiter des Fachbereiches Feuerwehr und Rettungsdienst<\/h3><\/div><div class=\"aligncenter\" style=\"text-align: center;\">Oberbrandrat Christopher Lindermann<\/div><div style=\"text-align: center;\"><b class=\"contentbold\">Email: <\/b><a class=\"mail\" title=\"E-Mail an \" href=\"mailto:christopher.lindermann@stadt-kamen.de\">christopher.lindermann@stadt-kamen.de<\/a><\/div>\t\t\t\t\t\t\t\t<\/div>\n\t\t\t\t<\/div>\n\t\t\t\t\t<\/div>\n\t\t<\/div>\n\t\t\t\t\t<\/div>\n\t\t<\/section>\n\t\t\t\t<\/div>\n\t\t","protected":false},"excerpt":{"rendered":"<p>Leitung der Feuerwehr Die Feuerwehr in Kamen wird durch Stadtbrandinspektor Volker Rost (mi.) als Leiter der Feuerwehr und seinen beiden stellvertretenden Leitern der Feuerwehr, Brandoberinspektor Norbert Klein (li.) sowie Oberbrandrat&hellip;&nbsp;<a href=\"https:\/\/feuerwehr.kamen.de\/?page_id=2065\" rel=\"bookmark\">Weiterlesen &raquo;<span class=\"screen-reader-text\">Elementor #2065<\/span><\/a><\/p>\n","protected":false},"author":1,"featured_media":0,"parent":0,"menu_order":0,"comment_status":"closed","ping_status":"closed","template":"page-templates\/template-pagebuilder-full-width.php","meta":{"neve_meta_sidebar":"full-width","neve_meta_container":"","neve_meta_enable_content_width":"on","neve_meta_content_width":100,"neve_meta_title_alignment":"","neve_meta_author_avatar":"","neve_post_elements_order":"","neve_meta_disable_header":"","neve_meta_disable_footer":"","neve_meta_disable_title":"","footnotes":""},"class_list":["post-2065","page","type-page","status-publish","hentry"],"_links":{"self":[{"href":"https:\/\/feuerwehr.kamen.de\/index.php?rest_route=\/wp\/v2\/pages\/2065","targetHints":{"allow":["GET"]}}],"collection":[{"href":"https:\/\/feuerwehr.kamen.de\/index.php?rest_route=\/wp\/v2\/pages"}],"about":[{"href":"https:\/\/feuerwehr.kamen.de\/index.php?rest_route=\/wp\/v2\/types\/page"}],"author":[{"embeddable":true,"href":"https:\/\/feuerwehr.kamen.de\/index.php?rest_route=\/wp\/v2\/users\/1"}],"replies":[{"embeddable":true,"href":"https:\/\/feuerwehr.kamen.de\/index.php?rest_route=%2Fwp%2Fv2%2Fcomments&post=2065"}],"version-history":[{"count":100,"href":"https:\/\/feuerwehr.kamen.de\/index.php?rest_route=\/wp\/v2\/pages\/2065\/revisions"}],"predecessor-version":[{"id":4286,"href":"https:\/\/feuerwehr.kamen.de\/index.php?rest_route=\/wp\/v2\/pages\/2065\/revisions\/4286"}],"wp:attachment":[{"href":"https:\/\/feuerwehr.kamen.de\/index.php?rest_route=%2Fwp%2Fv2%2Fmedia&parent=2065"}],"curies":[{"name":"wp","href":"https:\/\/api.w.org\/{rel}","templated":true}]}}