{"id":2052,"date":"2022-01-31T21:20:32","date_gmt":"2022-01-31T20:20:32","guid":{"rendered":"https:\/\/test2.kamen.de\/?page_id=2052"},"modified":"2022-02-04T15:50:25","modified_gmt":"2022-02-04T14:50:25","slug":"unterstuetzungsabteilung","status":"publish","type":"page","link":"https:\/\/feuerwehr.kamen.de\/?page_id=2052","title":{"rendered":"Unterst\u00fctzungsabteilung"},"content":{"rendered":"\t\t<div data-elementor-type=\"wp-page\" data-elementor-id=\"2052\" class=\"elementor elementor-2052\" data-elementor-post-type=\"page\">\n\t\t\t\t\t\t<section class=\"elementor-section elementor-top-section elementor-element elementor-element-b1685bc elementor-section-boxed elementor-section-height-default elementor-section-height-default\" data-id=\"b1685bc\" data-element_type=\"section\" data-e-type=\"section\">\n\t\t\t\t\t\t<div class=\"elementor-container elementor-column-gap-default\">\n\t\t\t\t\t<div class=\"elementor-column elementor-col-100 elementor-top-column elementor-element elementor-element-8cb021b\" data-id=\"8cb021b\" data-element_type=\"column\" data-e-type=\"column\">\n\t\t\t<div class=\"elementor-widget-wrap elementor-element-populated\">\n\t\t\t\t\t\t<div class=\"elementor-element elementor-element-b724709 elementor-widget elementor-widget-image\" data-id=\"b724709\" data-element_type=\"widget\" data-e-type=\"widget\" data-widget_type=\"image.default\">\n\t\t\t\t<div class=\"elementor-widget-container\">\n\t\t\t\t\t\t\t\t\t\t\t\t\t\t\t<img fetchpriority=\"high\" decoding=\"async\" width=\"1024\" height=\"768\" src=\"https:\/\/feuerwehr.kamen.de\/wp-content\/uploads\/2022\/01\/P6170018-1024x768.jpg\" class=\"attachment-large size-large wp-image-1797\" alt=\"\" srcset=\"https:\/\/feuerwehr.kamen.de\/wp-content\/uploads\/2022\/01\/P6170018-1024x768.jpg 1024w, https:\/\/feuerwehr.kamen.de\/wp-content\/uploads\/2022\/01\/P6170018-300x225.jpg 300w, https:\/\/feuerwehr.kamen.de\/wp-content\/uploads\/2022\/01\/P6170018-768x576.jpg 768w, https:\/\/feuerwehr.kamen.de\/wp-content\/uploads\/2022\/01\/P6170018-1536x1152.jpg 1536w, https:\/\/feuerwehr.kamen.de\/wp-content\/uploads\/2022\/01\/P6170018.jpg 1715w\" sizes=\"(max-width: 1024px) 100vw, 1024px\" \/>\t\t\t\t\t\t\t\t\t\t\t\t\t\t\t<\/div>\n\t\t\t\t<\/div>\n\t\t\t\t\t<\/div>\n\t\t<\/div>\n\t\t\t\t\t<\/div>\n\t\t<\/section>\n\t\t\t\t<section class=\"elementor-section elementor-top-section elementor-element elementor-element-5fd8385 elementor-section-boxed elementor-section-height-default elementor-section-height-default\" data-id=\"5fd8385\" data-element_type=\"section\" data-e-type=\"section\">\n\t\t\t\t\t\t<div class=\"elementor-container elementor-column-gap-default\">\n\t\t\t\t\t<div class=\"elementor-column elementor-col-100 elementor-top-column elementor-element elementor-element-3de0a51\" data-id=\"3de0a51\" data-element_type=\"column\" data-e-type=\"column\">\n\t\t\t<div class=\"elementor-widget-wrap elementor-element-populated\">\n\t\t\t\t\t\t<div class=\"elementor-element elementor-element-028a6ad elementor-widget elementor-widget-heading\" data-id=\"028a6ad\" data-element_type=\"widget\" data-e-type=\"widget\" data-widget_type=\"heading.default\">\n\t\t\t\t<div class=\"elementor-widget-container\">\n\t\t\t\t\t<h1 class=\"elementor-heading-title elementor-size-default\">Unterst\u00fctzungsabteilung<\/h1>\t\t\t\t<\/div>\n\t\t\t\t<\/div>\n\t\t\t\t\t<\/div>\n\t\t<\/div>\n\t\t\t\t\t<\/div>\n\t\t<\/section>\n\t\t\t\t<section class=\"elementor-section elementor-top-section elementor-element elementor-element-2db9339 elementor-section-boxed elementor-section-height-default elementor-section-height-default\" data-id=\"2db9339\" data-element_type=\"section\" data-e-type=\"section\">\n\t\t\t\t\t\t<div class=\"elementor-container elementor-column-gap-default\">\n\t\t\t\t\t<div class=\"elementor-column elementor-col-100 elementor-top-column elementor-element elementor-element-180a75f\" data-id=\"180a75f\" data-element_type=\"column\" data-e-type=\"column\">\n\t\t\t<div class=\"elementor-widget-wrap elementor-element-populated\">\n\t\t\t\t\t\t<div class=\"elementor-element elementor-element-952d0b7 elementor-widget elementor-widget-text-editor\" data-id=\"952d0b7\" data-element_type=\"widget\" data-e-type=\"widget\" data-widget_type=\"text-editor.default\">\n\t\t\t\t<div class=\"elementor-widget-container\">\n\t\t\t\t\t\t\t\t\t<p>Die Unterst\u00fctzungsabteilung \u00fcbernimmt sehr wichtige T\u00e4tigkeiten innerhalb der Feuerwehr Kamen au\u00dferhalb von Einsatzt\u00e4tigkeiten &#8211; z.B. innerhalb der Jugend- und Kinderfeuerwehr. Aber auch Verwaltungst\u00e4tigkeiten k\u00f6nnen von der Unterst\u00fctzungsabteilung \u00fcbernommen werden. Bei Eins\u00e4tzen und Ausbildungen sorgen die Kameradinnen und Kameraden der Unterst\u00fctzungsabteilung f\u00fcr die n\u00f6tige Verpflegung.<\/p><p>Angeh\u00f6rige der Unterst\u00fctzungsabteilung sind vollwertige Mitglieder der Feuerwehr Kamen; sie tragen die Uniform der Feuerwehr und erhalten einen Dienstgrad. In jeder Einheit der Feuerwehr Kamen gibt es eine Unterst\u00fctzungsabteilung &#8211; und somit auch die M\u00f6glichkeit f\u00fcr Feuerwehrinteressierte, ihre lokalen Einheiten zu unterst\u00fctzen, ohne an Eins\u00e4tzen teilnehmen zu m\u00fcssen.<\/p><p><strong>Ansprechpartner sind die Einheitsf\u00fchrer.<\/strong><\/p>\t\t\t\t\t\t\t\t<\/div>\n\t\t\t\t<\/div>\n\t\t\t\t\t<\/div>\n\t\t<\/div>\n\t\t\t\t\t<\/div>\n\t\t<\/section>\n\t\t\t\t<\/div>\n\t\t","protected":false},"excerpt":{"rendered":"<p>Unterst\u00fctzungsabteilung Die Unterst\u00fctzungsabteilung \u00fcbernimmt sehr wichtige T\u00e4tigkeiten innerhalb der Feuerwehr Kamen au\u00dferhalb von Einsatzt\u00e4tigkeiten &#8211; z.B. innerhalb der Jugend- und Kinderfeuerwehr. Aber auch Verwaltungst\u00e4tigkeiten k\u00f6nnen von der Unterst\u00fctzungsabteilung \u00fcbernommen werden.&hellip;&nbsp;<a href=\"https:\/\/feuerwehr.kamen.de\/?page_id=2052\" rel=\"bookmark\">Weiterlesen &raquo;<span class=\"screen-reader-text\">Unterst\u00fctzungsabteilung<\/span><\/a><\/p>\n","protected":false},"author":1,"featured_media":0,"parent":0,"menu_order":0,"comment_status":"closed","ping_status":"closed","template":"page-templates\/template-pagebuilder-full-width.php","meta":{"neve_meta_sidebar":"full-width","neve_meta_container":"","neve_meta_enable_content_width":"on","neve_meta_content_width":100,"neve_meta_title_alignment":"","neve_meta_author_avatar":"","neve_post_elements_order":"","neve_meta_disable_header":"","neve_meta_disable_footer":"","neve_meta_disable_title":"","footnotes":""},"class_list":["post-2052","page","type-page","status-publish","hentry"],"_links":{"self":[{"href":"https:\/\/feuerwehr.kamen.de\/index.php?rest_route=\/wp\/v2\/pages\/2052","targetHints":{"allow":["GET"]}}],"collection":[{"href":"https:\/\/feuerwehr.kamen.de\/index.php?rest_route=\/wp\/v2\/pages"}],"about":[{"href":"https:\/\/feuerwehr.kamen.de\/index.php?rest_route=\/wp\/v2\/types\/page"}],"author":[{"embeddable":true,"href":"https:\/\/feuerwehr.kamen.de\/index.php?rest_route=\/wp\/v2\/users\/1"}],"replies":[{"embeddable":true,"href":"https:\/\/feuerwehr.kamen.de\/index.php?rest_route=%2Fwp%2Fv2%2Fcomments&post=2052"}],"version-history":[{"count":36,"href":"https:\/\/feuerwehr.kamen.de\/index.php?rest_route=\/wp\/v2\/pages\/2052\/revisions"}],"predecessor-version":[{"id":2221,"href":"https:\/\/feuerwehr.kamen.de\/index.php?rest_route=\/wp\/v2\/pages\/2052\/revisions\/2221"}],"wp:attachment":[{"href":"https:\/\/feuerwehr.kamen.de\/index.php?rest_route=%2Fwp%2Fv2%2Fmedia&parent=2052"}],"curies":[{"name":"wp","href":"https:\/\/api.w.org\/{rel}","templated":true}]}}